= 0. Let x be 10/(-20)*(0 + s). Is (-76*14 + 3)/x prime?
True
Let a = -9037 - -9140. Is a a composite number?
False
Suppose -1884*b = -1877*b + 138862 - 595283. Is b prime?
True
Let o = 5173 - 3073. Suppose -9352 - o = -4*k. Is k a composite number?
True
Suppose 5*x - 5 = -5*k, -2*x - 2 = 3*k - 3. Is k/(4/(-11044) + 0) a prime number?
False
Let p(t) = -2*t - 12. Let b be p(-5). Let k be 1/b*(-9 + 5). Suppose -4*c - m - k*m + 9583 = 0, 0 = 2*c - 4*m - 4786. Is c a prime number?
False
Suppose 943*j = 5*t + 948*j - 248705, -4*t = 5*j - 198960. Is t prime?
False
Let d(v) = 5886*v - 305. Let g be d(8). Let h = g - 27260. Is h a composite number?
True
Let h be (-2)/(2 + 5926/(-2962)). Let v = h - 1845. Is v a prime number?
True
Is 50646 - 42*(-5)/(-30) composite?
True
Suppose 0 = 63*l + 67*l + 27390427 - 189934367. Is l prime?
False
Let t be 214/12 - 2/(-2 - 10). Is ((-2)/t - 80/(-72)) + 1390 prime?
False
Let m(w) = 57*w**2 - 7*w - 6. Let v be m(16). Let c = 37887 - v. Is c prime?
False
Let z(l) = 246*l**2 - 20*l + 261. Is z(40) composite?
True
Suppose -10 = 2*k - 4*g, k + 2*g - 5*g + 9 = 0. Is k*10/75*(784 - -1) prime?
False
Let g(z) = 22388*z + 937. Is g(14) composite?
True
Suppose 134*s = -51*s + 189525937 + 54256518. Is s composite?
True
Suppose -1766*c + 1764*c + 282406 = 0. Is c composite?
True
Let c(x) = 61*x**2 + 15*x - 33. Let p(j) = -32*j**2 - 8*j + 17. Let l(h) = -2*c(h) - 5*p(h). Suppose 0 = -5*k - 11 + 41. Is l(k) a prime number?
True
Suppose 0 = 2*a + 4*v + 10, 2*a - a = -3*v - 8. Let m be 5/(-10) + ((-10089)/(-2))/a. Suppose 8*i - m = 2500. Is i a composite number?
True
Let y(p) = -78 + 0*p**2 - 2*p**2 + 79 - 2*p**2. Let t be y(-1). Is 22/(t - (-190)/62) a prime number?
False
Suppose -3*n = -15, -18 = -5*d - 5*n - 3. Let b = -30 + 26. Is (2308/b - 2)*-1 - d composite?
True
Let l be (2/(-4))/(14/(-1288)) + 1. Let u = l - 30. Let y(r) = r**3 - 12*r**2 + 5*r + 29. Is y(u) prime?
True
Let b = 10404 - 1006. Suppose -3*a - 5*m = -b + 961, -2*m = 8. Is a prime?
True
Suppose 775*p = 169*p + 88402674. Is p composite?
False
Let h(b) = b**2 - 20*b - 57. Let x be h(23). Let u be (-2)/(x/8 - (-1921)/(-1280)). Let t = u + -1773. Is t prime?
True
Let v(s) = 8097*s + 42. Let k be v(2). Let n = k + -10427. Is n a composite number?
True
Let o(y) be the second derivative of 0 + 0*y**2 + 1/2*y**3 + 4*y. Is o(2) a composite number?
True
Suppose -122*l + 52810923 = -22016191. Is l a composite number?
False
Suppose -f + 13 - 8 = 0. Suppose 4*o + 4*x - 3488 = 0, -4365 = -f*o - x - 3*x. Is o a composite number?
False
Suppose 0 = -5*c - 27809 + 1034. Let p = c + 3407. Let i = -1365 - p. Is i a prime number?
False
Let u = 740 - 694. Let o = 8 - 6. Suppose -o*x + u = -120. Is x a composite number?
False
Suppose 4*y = 5*c + 7, -2 - 18 = -5*y + 4*c. Is (1174/(-4))/((-12)/y - -1) a prime number?
True
Suppose 2*t - 35016 - 7438 = 0. Suppose 375 + t = 14*c. Is c a composite number?
False
Let l = -316351 + 564492. Is l a prime number?
True
Let g = -453964 - -1144113. Is g prime?
False
Suppose j = -25 - 15. Let h = -37 - j. Is (h/3)/((-2)/(-1402)) a prime number?
True
Suppose -12*d + 1471308 = -1225608. Is d composite?
False
Suppose -77 = -2*s - 65, 3*f - 251661 = 2*s. Is f a prime number?
True
Let h(b) = b + 1. Let a be h(7). Let z be ((-15)/10)/((-2)/a). Suppose z*q - 961 = 665. Is q a prime number?
True
Let n(h) = -h**3 - 4*h**2 - 2*h - 4. Let u be n(-4). Is (-3)/((-3)/4001)*(-3 + u) a prime number?
True
Let y = 193 + -183. Suppose 51477 + 19313 = y*o. Is o composite?
False
Is (-35)/(-70)*224866*1 a composite number?
True
Suppose -630 = -15*s + 6*s. Is (-20)/s + (-9550)/(-7) + 3 a prime number?
True
Is (19879450/20)/((-95)/(-38)) composite?
False
Is 4/18 - ((-6)/(-81))/(28/(-362924898)) composite?
False
Let i = 43 + -43. Suppose -5*h - 19 - 171 = i. Let r = h + 165. Is r composite?
False
Is 1 - 3 - (-281503 - (-3 - 2) - -1) a prime number?
False
Let a(y) = 63*y**2 - y + 1. Let n(k) = k**2 - k. Suppose 10*x = -16 + 66. Let t(r) = x*n(r) + a(r). Is t(-5) composite?
True
Let b = 0 - -9. Suppose s = t - 6, -12 = 4*t + b*s - 4*s. Suppose 572 = 2*r + t*r. Is r composite?
True
Let m(h) = 2*h**2 + 8*h + 53. Let d be -1 + (-6)/5 - (-304)/(-380). Let a(p) = -2*p**2 - 8*p - 52. Let l(b) = d*m(b) - 4*a(b). Is l(-15) prime?
True
Suppose 0 = 2*c + r - 10510, 0 = 3*c + r + 2*r - 15765. Let h = c - -1140. Is h a prime number?
False
Let q(u) = -132*u + 47. Let r = 212 + -225. Is q(r) prime?
False
Let g = -325 + 328. Suppose g*p - 7*p + 28909 = s, -p = -2. Is s prime?
True
Let d(c) = -114*c + 1. Suppose -2*k - 14 = -3*u, 2*k - 4*k = -4. Let w be -2*-1*(-3)/u. Is d(w) prime?
False
Let b be (6/15)/(2/(-170)). Let a = -34 - b. Is (a + -291)*(-11)/33 composite?
False
Let j = -41 - -43. Suppose 3*c + 5*p = -6, -p + 4 + j = 3*c. Suppose -c*q + 514 + 3584 = 0. Is q a composite number?
True
Let x(v) be the third derivative of -283*v**6/360 - v**5/40 - 7*v**4/24 - 8*v**2. Let w(d) be the second derivative of x(d). Is w(-1) composite?
False
Let c(d) = 2*d**2 + d - 2. Let j(y) = -34*y**2 + 31. Let u(q) = -6*c(q) - j(q). Let a = 0 - 8. Is u(a) a composite number?
True
Let k(d) = -d + 2. Let z be k(0). Suppose 644*g + 63 = 651*g. Suppose 4*t + w = g*t - 5273, -z*t - 4*w + 2118 = 0. Is t prime?
False
Let r = 110290 + -76268. Is r prime?
False
Let g(v) = 212*v**2 - 7*v + 18. Let h(x) = -211*x**2 + 6*x - 17. Let z(n) = 4*g(n) + 5*h(n). Let m be z(-5). Is m/(-14) - 18/63 a prime number?
False
Suppose 91*t = 4*g + 87*t - 347768, 3*g - 260791 = -2*t. Is g a composite number?
True
Let s be (-17 - -23)*4/6. Let t(g) = 85*g**3 + 5*g**2 - 5*g + 9. Is t(s) composite?
True
Suppose -27*l - 4*f = -28*l + 22673, 2*l - f = 45381. Is l a prime number?
False
Let d(q) = 615*q**3 + 14*q**2 - 16*q + 8. Is d(5) a prime number?
True
Let s(o) = 361605*o - 1654. Is s(1) a prime number?
False
Let j = -1225 - -2865. Let a = j - 280. Suppose -4*u + 4*r = -r - 1384, -r + a = 4*u. Is u a prime number?
False
Suppose -8*b = 55170 - 182594. Is b/28 - 3 - (-4)/28 a prime number?
False
Let u = 922 + -919. Suppose 13*k - 5*f - 86938 = 9*k, -u*k = -2*f - 65207. Is k a prime number?
True
Let q(b) = -1236*b**2 + 1242*b**2 + 5*b + 0 + 0. Is q(3) prime?
False
Suppose 6*k - 2446 = 4*k + 4*s, -4*s + 3639 = 3*k. Let t(u) = -u**3 + 2*u + 1. Let o be t(-1). Suppose o = y - 5*p - k, -3*p - 8 = p. Is y a composite number?
True
Let z(g) be the third derivative of -g**6/60 + 7*g**5/60 + 3*g**4/4 + g**3/3 - 24*g**2. Let f be z(-6). Let a = 3627 - f. Is a prime?
True
Let q(l) = -l - 5. Let a(p) = -3*p**2 - p + 4. Let r be a(2). Let k be q(r). Suppose u + 0*u - 121 = -4*h, -2*u = k*h - 149. Is h composite?
False
Suppose -6*h = -g - 5*h + 350206, -5*g + 6*h + 1751027 = 0. Is g a prime number?
False
Is (-2760)/(-80)*4348/6 prime?
False
Suppose 0 = -5*w - 2*y + 46, -3*w + 3*y + 11 = -4. Suppose 42 = w*j - j. Is 8072/12*1/(4/j) a prime number?
True
Let m(x) = 61670*x**2 - 879*x - 4372. Is m(-5) a prime number?
True
Let t be 58192/6 + ((-66)/18 - -3). Let m = t - 6427. Is m composite?
False
Suppose -31*r + 218043 + 62104 = 0. Is r a prime number?
False
Let c(n) = 2*n**3 - 7*n**2 - 2*n - 4. Let r be c(4). Suppose -r*q + 3*q + 148 = 0. Let w = q - -111. Is w a prime number?
False
Let t(o) be the first derivative of -49*o**2/2 - 82*o + 48. Is t(-15) a prime number?
True
Is (16 + (-39795)/90)/((-2)/132) a composite number?
True
Let b = 66190 - 28077. Is b composite?
False
Suppose -8*g + 77078 = -32626. Is g/5 - (-58)/145 composite?
True
Let a = -465050 - -912181. Is a a composite number?
True
Let n(x) = 26*x + 143*x - 62*x - 25. Suppose -3*p = -0*p - 12. Is n(p) a prime number?
False
Let r(o) = 2889*o**2 + 5*o - 24. Let x be r(3). Suppose 0 = -14*k + 10*k + 2*m + 20792, -5*k = -2*m - x. Let c = k + -3101. Is c prime?
True
Let w = 325476 + -217818. Suppose 13*r - w = -5*r. Is r prime?
True
Suppose 2*m - 165 = -a, -4*a - 380 = -5*m - 0*a. Let f be m/(-8)*(-1)/(-2). Is (-9160*1)/f + -1 composite?
False
Let b be (1459/2)/(7/84). Suppose 22702 = 4*o + b. Suppose -t = -3*l + o, 3*l + t = 8*l - 5813. Is l prime?
True
Let l be (-4 - -7 - -3) + 16140. Let t = l - 2705. Is t a composite number?
False
Suppose -5*z = -2*l - 56 + 1807, 4*l = -3*z + 3541. Let a = 13